
Let s = -22 - -26. Suppose l - s*l + 2*k + 33 = 0, 0 = -3*l + k + 33. What is the remainder when 19 is divided by l?
8
Let y be (-4)/3*15/1. Let v = -23 - y. Calculate the remainder when (30/21)/(v/(-21)) is divided by 4.
2
Let o = 887 + -848. What is the remainder when 112 is divided by o?
34
Let r = -387 - -556. Calculate the remainder when r is divided by 174/10 + 3/(-30)*4.
16
Suppose -71*l = -76*l + 65. What is the remainder when 25 is divided by l?
12
Let h(u) = -16*u - 24. Let q(o) = -o**3 - 19*o**2 + 18*o - 44. Let r be q(-20). Calculate the remainder when 157 is divided by h(r).
37
Suppose 7*s + 6 = 5*s. Let x(d) = -d**3 - d**2 + 6*d + 3. What is the remainder when 11 is divided by x(s)?
2
Suppose 3*a - a = -2*c - 8, -4*a - 5*c = 14. Suppose -2*t + 3*u = -45, 0 = -5*t - 3*u + 56 + 4. Calculate the remainder when 232/(-6)*a/4 is divided by t.
13
Calculate the remainder when 508*(-6)/(-48)*2 is divided by 10.
7
Suppose 0 = y, 2*y - 4*y - 24 = -3*o. Suppose -3*x = 2*f - 40, 0*x = -x - 2*f + o. What is the remainder when x is divided by 3?
1
Let v = 356 + -308. What is the remainder when v is divided by (-3)/(-3*(-1)/(-26))?
22
Suppose 0*a - a = -57. Suppose 20*x - 21*x = -a. What is the remainder when x is divided by 15?
12
Let f = -2235 + 2865. What is the remainder when f is divided by 315?
0
Let n(x) = -x**2 - 17*x - 59. What is the remainder when n(-8) is divided by (-2)/(-7) - 267/(-21)?
0
Let o be (-70)/(-15) - (-4)/(-6). Suppose -3*b - 44 = -o*c + 66, -c = 4*b - 37. Calculate the remainder when c is divided by 5.
4
Let j be (-26)/(-3) - 12/(-9). Let b = 19 - j. What is the remainder when 32 is divided by b?
5
Suppose -4*m + 9 = -4*v - 3, -3*m - 55 = 5*v. Let r = 19 + v. What is the remainder when 49 is divided by r?
5
Let l(s) = -12*s + 18. Calculate the remainder when l(-3) is divided by 19.
16
Suppose 5*g = -1 + 46. Let y = 18 - -35. What is the remainder when y is divided by g?
8
What is the remainder when 773 is divided by (74/(-6))/((-39)/351)?
107
Let k(i) = 2*i**2 - 4*i + 6. Let s be ((0/(-4))/(-5))/1. Suppose 7*u - 2*u + 4*m - 128 = s, 3*m = -4*u + 103. Calculate the remainder when k(6) is divided by u.
26
Suppose z - 17 - 9 = 0. Let j = 44 - z. Let i = 40 - j. What is the remainder when i is divided by 8?
6
Let v be ((40/3)/4)/((-2)/(-18)). What is the remainder when 30 is divided by ((-3486)/v)/(-7) + 6/(-10)?
14
Let s = -215 - -243. What is the remainder when 81 is divided by s?
25
Suppose 204 = -0*n + 6*n. Calculate the remainder when 45 is divided by n.
11
Let q be 0*(-1 - 3/(-2)). Suppose -54 = -3*u - q*u. Suppose 2*k + 2*o = -13 + 25, 4*o - 14 = -2*k. What is the remainder when u is divided by k?
3
Let q = -55 + 21. Let a = 38 + q. What is the remainder when 21 is divided by a?
1
Suppose u = m + 11, -2*u + m = -10 - 17. Let w(c) = 4*c**2 + 191*c - 41. What is the remainder when u is divided by w(-48)?
2
Suppose 37 = -5*y + 57. Let d = -3 + 4. Calculate the remainder when 2 - (6/(-1) - d) is divided by y.
1
Suppose 4*m = -m + 90. Suppose m = -2*y + 128. Suppose 0 = 2*i - p - 22, 5*i - 4*p - y = -p. Calculate the remainder when 41 is divided by i.
8
Let o(t) = t**2 + 5*t + 2. What is the remainder when (-4452)/(-147) + (3 - (-46)/(-14)) is divided by o(-6)?
6
Calculate the remainder when (-1 + 0 + 0)*(-291)/3 is divided by 14.
13
Suppose -69 = -3*f - 3*z, z + z = 5*f - 122. What is the remainder when 24 is divided by f?
0
Let s = 6 + 8. Let l = 6 + 9. Let j = 56 - l. What is the remainder when j is divided by s?
13
Suppose -1175 = -20*t + 2145. What is the remainder when t is divided by 7?
5
Suppose -106 = -g - 5*t, 4*t - 456 = -7*g + 3*g. What is the remainder when g is divided by 41?
34
Let v = 1 - -3. Suppose v*w - 11 - 5 = 0. Suppose 0 = -2*q - w*h + 34, 4*h = h + 6. Calculate the remainder when 25 is divided by q.
12
Suppose 4*j - 3*j = 51. Let l = 1050 + -898. Calculate the remainder when l is divided by j.
50
Let d = 3 + 0. Suppose -2*g + d = -1. Let h(q) = 32*q - 255. Calculate the remainder when g is divided by h(8).
0
Suppose -7*d + 2*d = -3*b + 52, 3*d = 2*b - 36. Calculate the remainder when 89 is divided by b.
17
Suppose 523 = 4*l + 5*z, -5*l + 299 = -3*l - 5*z. Calculate the remainder when l is divided by 35.
32
Suppose 2 = -2*f + 2*h + 112, 5*f = -h + 269. Calculate the remainder when f is divided by 12.
6
Let q = 8 + 44. Suppose -57 + 3 = -2*h. Calculate the remainder when q is divided by h.
25
Suppose -10 = -4*b + 42. Suppose 2*j - b + 3 = 0. What is the remainder when 8 is divided by j?
3
Let a(f) = 2*f + 24. Let y be a(-10). What is the remainder when (-75)/(0 + (-2)/y) is divided by 38?
36
Let f = -40 + 42. Let d(g) = 50*g - 6. Let o(a) = a**2 - 8*a + 10. What is the remainder when d(f) is divided by o(9)?
18
Let o(h) = -2 + h**2 + 9*h + 9 - 2. Suppose -10*t - 45 = -5*t. Calculate the remainder when o(t) is divided by 4.
1
Let a(m) = -m**2 - 12*m + 22. What is the remainder when a(-10) is divided by 0/1*1 + 23?
19
Suppose -5 = -2*l - 4*i - 21, 0 = 5*l + i + 13. Let z(g) = 4*g**2 - 3. What is the remainder when 64 is divided by z(l)?
12
What is the remainder when 444 is divided by (12*1)/((-393)/(-48) - 8)?
60
Let w = 58 - -99. Suppose -5*o = w - 212. Calculate the remainder when o is divided by 4.
3
Suppose r - 10 = -3*n, -2*n - 5*r = -6*n + 7. Suppose -5*w - 6 = -11. Calculate the remainder when ((-108)/(-18))/(1/(w/1)) is divided by n.
0
Suppose -3*j + 36 = -m, 18*j + m = 15*j + 48. Let f = 226 + -159. Calculate the remainder when f is divided by j.
11
Let n = 1673 - 1650. Calculate the remainder when 53 is divided by n.
7
Suppose -3*l = 2*l + 420. Let f be (-3 + l/20)*5. Let c = 89 + f. Calculate the remainder when c is divided by 14.
11
Let w(s) = 6 - 7 + 12 + 1 - s. What is the remainder when 3 is divided by w(11)?
0
Suppose 4*s - 13 = -w, -w - s + 0*s + 13 = 0. Suppose -r = a + 17, 0*r + r - a = -w. Calculate the remainder when 5 is divided by (-9)/r - 51/(-15).
1
Let k(v) = -21*v + 184. What is the remainder when 5*21*12/30 is divided by k(8)?
10
Suppose k = -2*r - 0*k + 1, 0 = 2*k - 2. Suppose r = -o + 3 + 3. What is the remainder when 6 is divided by o?
0
Let z = -65 + 96. Suppose -2*c + 41 = 3*b - 2*b, -c + 3*b + z = 0. Suppose 3*q - 2*r = 16, -2*q = -r - r - 10. What is the remainder when c is divided by q?
4
Let x(w) = -2*w**2 + 15*w + 61. What is the remainder when 511 is divided by x(5)?
81
Let c be (4/5)/((-2)/(-10)). Let u be 59/c - 10/(-40). Let x = u - 3. Calculate the remainder when x is divided by 7.
5
Suppose 5*z - 52 = 4*j + 43, 0 = 2*j. What is the remainder when 526 is divided by z?
13
Let r = 549 + -527. Calculate the remainder when r is divided by 10.
2
Let l(u) = -u**3 + 2*u**2 + 28*u - 8. What is the remainder when 366 is divided by l(6)?
14
Let j(l) = -7*l - 22. Let o be j(-4). Suppose 135 = o*a + 21. What is the remainder when 37 is divided by a?
18
Let h = -28 - -48. Let a = -9 + h. Suppose -3*i + 101 = 4*o, -30*o + 118 = 4*i - 33*o. What is the remainder when i is divided by a?
9
Suppose -10*b + 293 + 187 = 0. Let m = b + -40. Calculate the remainder when 33/(-2)*(-4)/3 is divided by m.
6
Let i(m) = -7*m**3 + 4*m + 6. Suppose -2*j - 6 + 2 = 0. Calculate the remainder when i(j) is divided by 19.
16
Let w = -1941 + 2198. Calculate the remainder when w is divided by 9.
5
Calculate the remainder when (-64)/(-12)*6 - 1 is divided by (100/(-75))/((-2)/12).
7
Let h = 236 - 169. Calculate the remainder when 197 is divided by h.
63
Let t(l) = -l**3 + 14*l**2 + 11*l - 48. Calculate the remainder when t(7) is divided by 15.
12
Suppose -23*d + 1479 = -1948. Calculate the remainder when d is divided by 13.
6
Let g = 322 + -179. Let c = 205 - g. Calculate the remainder when c is divided by 21.
20
Suppose -p = -3*w - 23, -4*w = -2*p - 9*w - 9. Let d = 16 - p. Suppose -a + 6*v = 11*v + 12, 70 = 5*a - v. Calculate the remainder when a is divided by d.
5
Suppose 0*s + 4 = s - 3*j, 3*s - j = 20. Suppose -3*u + s*u + 48 = 0. What is the remainder when (-900)/(-16) + (-9)/u is divided by 15?
12
Suppose 0 = -g + 151 - 142. Calculate the remainder when 19 is divided by g.
1
Let v(d) = 100*d**3 + d**2 - 2. Calculate the remainder when 389 is divided by v(1).
92
Suppose -2*z + 48 = 4*q